{"id":20,"date":"2022-10-10T18:03:07","date_gmt":"2022-10-10T16:03:07","guid":{"rendered":"https:\/\/fionamonbet.com\/?page_id=20"},"modified":"2025-05-18T22:45:27","modified_gmt":"2025-05-18T20:45:27","slug":"home","status":"publish","type":"page","link":"https:\/\/fionamonbet.com\/?page_id=20&lang=fr","title":{"rendered":""},"content":{"rendered":"\n<p><\/p>\n\n\n\n<h3 class=\"wp-block-heading has-text-align-center has-normal-font-size\">Fiona Monbet est une violoniste, compositrice et cheffe d&rsquo;orchestre franco-irlandaise.<br>         <\/h3>\n\n\n\n<p>Pour la saison 24\/25 c\u2019est mon dernier projet Faubourg 23, compos\u00e9 pour le BBC National Orchestra of Wales qui tourne en Europe.<\/p>\n\n\n\n<p>C\u00f4t\u00e9 direction je rencontre une dizaine orchestres autour de programmes tr\u00e8s divers qui vont de Haydn \u00e0 Gershwin en passant par des collaborations avec des musiciens du monde ou jazz comme Seckou Keita ou Paul Lay : Op\u00e9ra de Lyon, Bournemouth symphonique orchestra, BBC Concert Orchestra, Orchestre national du Capitole de Toulouse, Pfalzphilharmonie Orchester, Orchestre national d\u2019Avignon Provence, Ulster Orchestra, BBC NOW, Orchestre national de Nouvelle-Aquitaine, Orquestra Cl\u00e1ssica de Espinho, Orchestre Colonne. <\/p>\n\n\n\n<p>Avec mon ensemble Miroirs Etendus, nous montons parall\u00e8lement un Op\u00e9ra Cosi fan tutte r\u00e9\u00e9crit par Ma\u00ebl Bailly mis en sc\u00e8ne par Antonio Cuenca Ruiz et un concert d\u2019ensemble avec Graal Theater de Kaija Saariaho et Peer Gynt dans une r\u00e9\u00e9criture d\u2019Arthur Lavandier&nbsp;<\/p>\n\n\n\n<h4 class=\"wp-block-heading has-text-align-center\"><span style=\"text-decoration: underline;\"><mark style=\"background-color:rgba(0, 0, 0, 0)\" class=\"has-inline-color has-black-color\"><a href=\"https:\/\/fionamonbet.com\/?page_id=2\" data-type=\"page\" data-id=\"2\" rel=\"sponsored\">PROJETS EN COURS<\/a><\/mark><\/span><\/h4>\n\n\n\n<p><\/p>\n\n\n\n<div class=\"wp-block-columns alignwide are-vertically-aligned-top is-layout-flex wp-container-core-columns-is-layout-9d6595d7 wp-block-columns-is-layout-flex\">\n<div class=\"wp-block-column is-vertically-aligned-top is-layout-flow wp-block-column-is-layout-flow\" style=\"flex-basis:66.66%\"><div class=\"wp-block-image\">\n<figure class=\"aligncenter size-full is-resized\"><img data-recalc-dims=\"1\" loading=\"lazy\" decoding=\"async\" width=\"720\" height=\"509\" src=\"https:\/\/i0.wp.com\/fionamonbet.com\/wp-content\/uploads\/2025\/05\/Quasi-stellar-1.jpg?resize=720%2C509&#038;ssl=1\" alt=\"\" class=\"wp-image-768\" style=\"aspect-ratio:1.3417721518987342;width:314px;height:auto\" srcset=\"https:\/\/i0.wp.com\/fionamonbet.com\/wp-content\/uploads\/2025\/05\/Quasi-stellar-1.jpg?w=842&amp;ssl=1 842w, https:\/\/i0.wp.com\/fionamonbet.com\/wp-content\/uploads\/2025\/05\/Quasi-stellar-1.jpg?resize=300%2C212&amp;ssl=1 300w, https:\/\/i0.wp.com\/fionamonbet.com\/wp-content\/uploads\/2025\/05\/Quasi-stellar-1.jpg?resize=768%2C543&amp;ssl=1 768w\" sizes=\"auto, (max-width: 720px) 100vw, 720px\" \/><figcaption class=\"wp-element-caption\"><a href=\"https:\/\/fionamonbet.com\/?p=742&amp;lang=fr\" data-type=\"post\" data-id=\"742\">QUASAR, pour le Quatuor Fidelio<\/a><br>Commande du Festival de Chaillol pour le quatuor Fid\u00e9lio, cr\u00e9ation juillet 2025<\/figcaption><\/figure>\n<\/div><\/div>\n\n\n\n<div class=\"wp-block-column is-vertically-aligned-top is-layout-flow wp-block-column-is-layout-flow\" style=\"flex-basis:66.66%\"><div class=\"wp-block-image\">\n<figure class=\"aligncenter size-large is-resized\"><img data-recalc-dims=\"1\" loading=\"lazy\" decoding=\"async\" width=\"720\" height=\"720\" src=\"https:\/\/i0.wp.com\/fionamonbet.com\/wp-content\/uploads\/2023\/09\/photo_2023-09-09_18-38-01.jpg?resize=720%2C720&#038;ssl=1\" alt=\"\" class=\"wp-image-480\" style=\"width:318px;height:237px\" srcset=\"https:\/\/i0.wp.com\/fionamonbet.com\/wp-content\/uploads\/2023\/09\/photo_2023-09-09_18-38-01.jpg?resize=1024%2C1024&amp;ssl=1 1024w, https:\/\/i0.wp.com\/fionamonbet.com\/wp-content\/uploads\/2023\/09\/photo_2023-09-09_18-38-01.jpg?resize=300%2C300&amp;ssl=1 300w, https:\/\/i0.wp.com\/fionamonbet.com\/wp-content\/uploads\/2023\/09\/photo_2023-09-09_18-38-01.jpg?resize=150%2C150&amp;ssl=1 150w, https:\/\/i0.wp.com\/fionamonbet.com\/wp-content\/uploads\/2023\/09\/photo_2023-09-09_18-38-01.jpg?resize=768%2C768&amp;ssl=1 768w, https:\/\/i0.wp.com\/fionamonbet.com\/wp-content\/uploads\/2023\/09\/photo_2023-09-09_18-38-01.jpg?resize=550%2C550&amp;ssl=1 550w, https:\/\/i0.wp.com\/fionamonbet.com\/wp-content\/uploads\/2023\/09\/photo_2023-09-09_18-38-01.jpg?w=1280&amp;ssl=1 1280w\" sizes=\"auto, (max-width: 720px) 100vw, 720px\" \/><figcaption class=\"wp-element-caption\"><a href=\"https:\/\/www.bbc.co.uk\/bbcnow\/events\/composers\/e56a127d-a103-47ac-96b5-c1200c606599\" target=\"_blank\" rel=\"noopener\"><\/a><a href=\"https:\/\/fionamonbet.com\/?p=437&amp;lang=fr\" data-type=\"post\" data-id=\"437\">FAUBOURG 23 \u2013 En tourn\u00e9e saison 2024-2025 \u2013 Cr\u00e9ation pour jazzband et orchestre, commande du BBC National Orchestra of Wales<\/a><br>Pi\u00e8ce pour jazzband et orchestre command\u00e9e \u00e0 Fiona par le BBC National Orchestra of Wales, Faubourg 23 est cr\u00e9\u00e9e au <a href=\"https:\/\/www.bbc.co.uk\/events\/e2c4mb\" target=\"_blank\" rel=\"noreferrer noopener\">Hoddinot Hall<\/a> de Cardiff et diffus\u00e9e en live le 18 octobre 2023 sur BBC Radio 3, elle tourne pour la saison 2024-2025 au Royaume-Uni, en Irlande, en Allemagne et au Portugal.<\/figcaption><\/figure>\n<\/div><\/div>\n\n\n\n<div class=\"wp-block-column is-layout-flow wp-block-column-is-layout-flow\" style=\"flex-basis:66.6%\"><div class=\"wp-block-image\">\n<figure class=\"aligncenter size-large is-resized\"><img data-recalc-dims=\"1\" loading=\"lazy\" decoding=\"async\" width=\"720\" height=\"404\" src=\"https:\/\/i0.wp.com\/fionamonbet.com\/wp-content\/uploads\/2025\/05\/PHOTO-2024-02-29-12-17-43-2.jpg?resize=720%2C404&#038;ssl=1\" alt=\"\" class=\"wp-image-772\" style=\"width:315px;height:238px\" srcset=\"https:\/\/i0.wp.com\/fionamonbet.com\/wp-content\/uploads\/2025\/05\/PHOTO-2024-02-29-12-17-43-2.jpg?resize=1024%2C575&amp;ssl=1 1024w, https:\/\/i0.wp.com\/fionamonbet.com\/wp-content\/uploads\/2025\/05\/PHOTO-2024-02-29-12-17-43-2.jpg?resize=300%2C169&amp;ssl=1 300w, https:\/\/i0.wp.com\/fionamonbet.com\/wp-content\/uploads\/2025\/05\/PHOTO-2024-02-29-12-17-43-2.jpg?resize=768%2C432&amp;ssl=1 768w, https:\/\/i0.wp.com\/fionamonbet.com\/wp-content\/uploads\/2025\/05\/PHOTO-2024-02-29-12-17-43-2.jpg?resize=1536%2C863&amp;ssl=1 1536w, https:\/\/i0.wp.com\/fionamonbet.com\/wp-content\/uploads\/2025\/05\/PHOTO-2024-02-29-12-17-43-2.jpg?w=1600&amp;ssl=1 1600w, https:\/\/i0.wp.com\/fionamonbet.com\/wp-content\/uploads\/2025\/05\/PHOTO-2024-02-29-12-17-43-2.jpg?w=1440&amp;ssl=1 1440w\" sizes=\"auto, (max-width: 720px) 100vw, 720px\" \/><figcaption class=\"wp-element-caption\"><a href=\"https:\/\/fionamonbet.com\/?p=442\" data-type=\"post\" data-id=\"442\"><\/a><a href=\"https:\/\/fionamonbet.com\/?p=752&amp;lang=fr\">REICH \/ CHASSOL, Ensemble Miroirs Etendus au Festival Pr\u00e9sence, Roma Europa et Bozar<\/a><br>L\u2019ensemble Miroirs Etendus, sous la direction de Fiona Monbet, interpr\u00e8te \u00ab City Life \u00bb de Steve Reich et \u00ab Paris Noir \u00bb de Christophe Chassol)<\/figcaption><\/figure>\n<\/div><\/div>\n<\/div>\n\n\n\n<p><\/p>\n","protected":false},"excerpt":{"rendered":"<p><a href=\"https:\/\/fionamonbet.com\/?page_id=2\">NEW RELEASE &#8211; AN INDEX OF METALS<\/a><br \/><strong>Fiona Monbet<\/strong>\u00a0et l\u2019ensemble\u00a0<strong>Miroirs \u00c9tendus<\/strong>\u00a0vous proposent de red\u00e9couvrir l\u2019\u0153uvre inclassable et hallucinatoire de\u00a0<strong>Fausto Romitelli<\/strong>,\u00a0<em>An Index of Metals<\/em>, dans ce nouveau disque b\u2022records capt\u00e9 \u00e0 La Soufflerie de R\u00e9z\u00e9. Une interpr\u00e9tation incandescente port\u00e9e par la chanteuse\u00a0<strong>Linda Ol\u00e1h<\/strong>\u00a0\u00e9claire les mille reflets de cette exp\u00e9rience sonore unique, une \u00ab messe des sens \u00bb que Romitelli imaginait comme le renouveau du genre op\u00e9ratique au tournant du XXIe si\u00e8cle.<\/p>\n","protected":false},"author":1,"featured_media":320,"parent":0,"menu_order":0,"comment_status":"closed","ping_status":"closed","template":"templates\/full-width.php","meta":{"footnotes":""},"class_list":["post-20","page","type-page","status-publish","has-post-thumbnail","hentry"],"jetpack_sharing_enabled":true,"_links":{"self":[{"href":"https:\/\/fionamonbet.com\/index.php?rest_route=\/wp\/v2\/pages\/20","targetHints":{"allow":["GET"]}}],"collection":[{"href":"https:\/\/fionamonbet.com\/index.php?rest_route=\/wp\/v2\/pages"}],"about":[{"href":"https:\/\/fionamonbet.com\/index.php?rest_route=\/wp\/v2\/types\/page"}],"author":[{"embeddable":true,"href":"https:\/\/fionamonbet.com\/index.php?rest_route=\/wp\/v2\/users\/1"}],"replies":[{"embeddable":true,"href":"https:\/\/fionamonbet.com\/index.php?rest_route=%2Fwp%2Fv2%2Fcomments&post=20"}],"version-history":[{"count":24,"href":"https:\/\/fionamonbet.com\/index.php?rest_route=\/wp\/v2\/pages\/20\/revisions"}],"predecessor-version":[{"id":774,"href":"https:\/\/fionamonbet.com\/index.php?rest_route=\/wp\/v2\/pages\/20\/revisions\/774"}],"wp:featuredmedia":[{"embeddable":true,"href":"https:\/\/fionamonbet.com\/index.php?rest_route=\/wp\/v2\/media\/320"}],"wp:attachment":[{"href":"https:\/\/fionamonbet.com\/index.php?rest_route=%2Fwp%2Fv2%2Fmedia&parent=20"}],"curies":[{"name":"wp","href":"https:\/\/api.w.org\/{rel}","templated":true}]}}