{"id":450,"date":"2023-08-14T20:28:33","date_gmt":"2023-08-14T18:28:33","guid":{"rendered":"https:\/\/fionamonbet.com\/?page_id=450"},"modified":"2023-11-20T14:13:55","modified_gmt":"2023-11-20T13:13:55","slug":"selection-presse","status":"publish","type":"page","link":"https:\/\/fionamonbet.com\/?page_id=450&lang=fr","title":{"rendered":"S\u00e9lection Presse"},"content":{"rendered":"\n<div class=\"wp-block-media-text is-stacked-on-mobile\" style=\"grid-template-columns:15% auto\"><figure class=\"wp-block-media-text__media\"><img data-recalc-dims=\"1\" loading=\"lazy\" decoding=\"async\" width=\"150\" height=\"150\" src=\"https:\/\/i0.wp.com\/fionamonbet.com\/wp-content\/uploads\/2023\/11\/seenandheard-1.jpg?resize=150%2C150&#038;ssl=1\" alt=\"\" class=\"wp-image-499 size-full\"\/><\/figure><div class=\"wp-block-media-text__content\">\n<p class=\"has-medium-font-size\"><strong>Seen and Heard International<\/strong>, <a href=\"https:\/\/seenandheard-international.com\/2023\/10\/new-concerto-for-jazz-quartet-and-orchestra-a-triumph-in-cardiff\/\" target=\"_blank\" rel=\"noopener\">New concerto for jazz quartet and orchestra a triumph in Cardiff<\/a>, 20\/10\/2023<\/p>\n<\/div><\/div>\n\n\n\n<div class=\"wp-block-media-text is-stacked-on-mobile\" style=\"grid-template-columns:15% auto\"><figure class=\"wp-block-media-text__media\"><img data-recalc-dims=\"1\" loading=\"lazy\" decoding=\"async\" width=\"684\" height=\"236\" src=\"https:\/\/i0.wp.com\/fionamonbet.com\/wp-content\/uploads\/2023\/08\/Capture-decran-2023-08-13-234633.jpg?resize=684%2C236&#038;ssl=1\" alt=\"\" class=\"wp-image-458 size-full\" srcset=\"https:\/\/i0.wp.com\/fionamonbet.com\/wp-content\/uploads\/2023\/08\/Capture-decran-2023-08-13-234633.jpg?w=684&amp;ssl=1 684w, https:\/\/i0.wp.com\/fionamonbet.com\/wp-content\/uploads\/2023\/08\/Capture-decran-2023-08-13-234633.jpg?resize=300%2C104&amp;ssl=1 300w\" sizes=\"auto, (max-width: 684px) 100vw, 684px\" \/><\/figure><div class=\"wp-block-media-text__content\">\n<p class=\"has-medium-font-size\"><strong>Forum Op\u00e9ra<\/strong>, 03\/09\/2023, <a href=\"https:\/\/www.forumopera.com\/spectacle\/berlioz-bax-legendes-dirlande-la-cote-saint-andre\/\" target=\"_blank\" rel=\"noopener\">BERLIOZ \/ BAX , L\u00e9gendes d\u2019Irlande \u2013 La C\u00f4te Saint-Andr\u00e9.<\/a><\/p>\n<\/div><\/div>\n\n\n\n<div class=\"wp-block-media-text is-stacked-on-mobile\" style=\"grid-template-columns:15% auto\"><figure class=\"wp-block-media-text__media\"><img data-recalc-dims=\"1\" loading=\"lazy\" decoding=\"async\" width=\"400\" height=\"400\" src=\"https:\/\/i0.wp.com\/fionamonbet.com\/wp-content\/uploads\/2023\/08\/400x400_l-invite-du-jour-ok.webp?resize=400%2C400&#038;ssl=1\" alt=\"\" class=\"wp-image-452 size-full\" srcset=\"https:\/\/i0.wp.com\/fionamonbet.com\/wp-content\/uploads\/2023\/08\/400x400_l-invite-du-jour-ok.webp?w=400&amp;ssl=1 400w, https:\/\/i0.wp.com\/fionamonbet.com\/wp-content\/uploads\/2023\/08\/400x400_l-invite-du-jour-ok.webp?resize=300%2C300&amp;ssl=1 300w, https:\/\/i0.wp.com\/fionamonbet.com\/wp-content\/uploads\/2023\/08\/400x400_l-invite-du-jour-ok.webp?resize=150%2C150&amp;ssl=1 150w\" sizes=\"auto, (max-width: 400px) 100vw, 400px\" \/><\/figure><div class=\"wp-block-media-text__content\">\n<p class=\"has-medium-font-size\"><strong>France Musique<\/strong>, 25\/08\/2023, <em>L&rsquo;invit\u00e9 du jour<\/em>,<a href=\"https:\/\/www.ledauphine.com\/culture-loisirs\/2023\/08\/30\/isere-festival-berlioz-la-ballade-irlandaise-de-fiona-monbet\" target=\"_blank\" rel=\"noopener\"> Fiona Monbet, cheffe aux multiples fa\u00e7ettes<\/a><\/p>\n<\/div><\/div>\n\n\n\n<div class=\"wp-block-media-text is-stacked-on-mobile\" style=\"grid-template-columns:15% auto\"><figure class=\"wp-block-media-text__media\"><img data-recalc-dims=\"1\" loading=\"lazy\" decoding=\"async\" width=\"566\" height=\"136\" src=\"https:\/\/i0.wp.com\/fionamonbet.com\/wp-content\/uploads\/2023\/09\/dauphine-libere.png?resize=566%2C136&#038;ssl=1\" alt=\"\" class=\"wp-image-471 size-full\" srcset=\"https:\/\/i0.wp.com\/fionamonbet.com\/wp-content\/uploads\/2023\/09\/dauphine-libere.png?w=566&amp;ssl=1 566w, https:\/\/i0.wp.com\/fionamonbet.com\/wp-content\/uploads\/2023\/09\/dauphine-libere.png?resize=300%2C72&amp;ssl=1 300w\" sizes=\"auto, (max-width: 566px) 100vw, 566px\" \/><\/figure><div class=\"wp-block-media-text__content\">\n<p class=\"has-medium-font-size\"><strong>Le Dauphin\u00e9 Lib\u00e9r\u00e9<\/strong>, 30\/08\/2023, <a href=\"https:\/\/www.ledauphine.com\/culture-loisirs\/2023\/08\/30\/isere-festival-berlioz-la-ballade-irlandaise-de-fiona-monbet\" target=\"_blank\" rel=\"noopener\">Festival Berlioz : la ballade irlandaise de Fiona Monbet.<\/a><\/p>\n<\/div><\/div>\n\n\n\n<div class=\"wp-block-media-text is-stacked-on-mobile\" style=\"grid-template-columns:15% auto\"><figure class=\"wp-block-media-text__media\"><img data-recalc-dims=\"1\" loading=\"lazy\" decoding=\"async\" width=\"288\" height=\"67\" src=\"https:\/\/i0.wp.com\/fionamonbet.com\/wp-content\/uploads\/2023\/08\/logo.png?resize=288%2C67&#038;ssl=1\" alt=\"\" class=\"wp-image-466 size-full\"\/><\/figure><div class=\"wp-block-media-text__content\">\n<p class=\"has-medium-font-size\"><strong>La D\u00e9p\u00e8che<\/strong>, 19\/05\/2023, <a href=\"https:\/\/www.ladepeche.fr\/2023\/05\/19\/fiona-monbet-tourbillonne-entre-classique-et-jazz-11205646.php#\" target=\"_blank\" rel=\"noopener\">Fiona Monbet tourbillonne entre classique et jazz.<\/a><\/p>\n<\/div><\/div>\n\n\n\n<div class=\"wp-block-media-text is-stacked-on-mobile\" style=\"grid-template-columns:15% auto\"><figure class=\"wp-block-media-text__media\"><img data-recalc-dims=\"1\" loading=\"lazy\" decoding=\"async\" width=\"506\" height=\"136\" src=\"https:\/\/i0.wp.com\/fionamonbet.com\/wp-content\/uploads\/2023\/08\/Capture-decran-2023-08-13-235103.jpg?resize=506%2C136&#038;ssl=1\" alt=\"\" class=\"wp-image-459 size-full\" srcset=\"https:\/\/i0.wp.com\/fionamonbet.com\/wp-content\/uploads\/2023\/08\/Capture-decran-2023-08-13-235103.jpg?w=506&amp;ssl=1 506w, https:\/\/i0.wp.com\/fionamonbet.com\/wp-content\/uploads\/2023\/08\/Capture-decran-2023-08-13-235103.jpg?resize=300%2C81&amp;ssl=1 300w\" sizes=\"auto, (max-width: 506px) 100vw, 506px\" \/><\/figure><div class=\"wp-block-media-text__content\">\n<p class=\"has-medium-font-size\"><strong>Le T\u00e9l\u00e9gramme<\/strong>, 01\/04\/2023, <a href=\"https:\/\/www.letelegramme.fr\/morbihan\/locmine-56500\/a-locmine-le-concert-a-fait-voyager-les-spectateurs-into-africa-4080687.php\" target=\"_blank\" rel=\"noopener\">\u00c0 Locmin\u00e9, le concert a fait voyager les spectateurs \u00ab&nbsp;Into Africa&nbsp;\u00bb<\/a>.<\/p>\n<\/div><\/div>\n\n\n\n<div class=\"wp-block-media-text is-stacked-on-mobile\" style=\"grid-template-columns:15% auto\"><figure class=\"wp-block-media-text__media\"><img data-recalc-dims=\"1\" loading=\"lazy\" decoding=\"async\" width=\"400\" height=\"400\" src=\"https:\/\/i0.wp.com\/fionamonbet.com\/wp-content\/uploads\/2023\/08\/400x400_le-disque-contemporain-de-la-semaine.webp?resize=400%2C400&#038;ssl=1\" alt=\"\" class=\"wp-image-454 size-full\" srcset=\"https:\/\/i0.wp.com\/fionamonbet.com\/wp-content\/uploads\/2023\/08\/400x400_le-disque-contemporain-de-la-semaine.webp?w=400&amp;ssl=1 400w, https:\/\/i0.wp.com\/fionamonbet.com\/wp-content\/uploads\/2023\/08\/400x400_le-disque-contemporain-de-la-semaine.webp?resize=300%2C300&amp;ssl=1 300w, https:\/\/i0.wp.com\/fionamonbet.com\/wp-content\/uploads\/2023\/08\/400x400_le-disque-contemporain-de-la-semaine.webp?resize=150%2C150&amp;ssl=1 150w\" sizes=\"auto, (max-width: 400px) 100vw, 400px\" \/><\/figure><div class=\"wp-block-media-text__content\">\n<p class=\"has-medium-font-size\"><strong>Radio France<\/strong>, <em>Le disque contemporain de la semaine<\/em>, 19\/02\/2023, <a href=\"https:\/\/www.radiofrance.fr\/francemusique\/podcasts\/le-disque-contemporain-de-la-semaine\/luis-de-pablo-amicitia-other-works-live-inaki-alberdi-6257120\" target=\"_blank\" rel=\"noopener\">Fausto Romitelli: An Index of Metal &#8211; Linda Ol\u00e1h, Ensemble Miroirs \u00c9tendus, Fiona Monbet<\/a><\/p>\n<\/div><\/div>\n\n\n\n<div class=\"wp-block-media-text is-stacked-on-mobile\" style=\"grid-template-columns:15% auto\"><figure class=\"wp-block-media-text__media\"><img data-recalc-dims=\"1\" loading=\"lazy\" decoding=\"async\" width=\"642\" height=\"264\" src=\"https:\/\/i0.wp.com\/fionamonbet.com\/wp-content\/uploads\/2023\/08\/Capture-decran-2023-08-13-235620.jpg?resize=642%2C264&#038;ssl=1\" alt=\"\" class=\"wp-image-460 size-full\" srcset=\"https:\/\/i0.wp.com\/fionamonbet.com\/wp-content\/uploads\/2023\/08\/Capture-decran-2023-08-13-235620.jpg?w=642&amp;ssl=1 642w, https:\/\/i0.wp.com\/fionamonbet.com\/wp-content\/uploads\/2023\/08\/Capture-decran-2023-08-13-235620.jpg?resize=300%2C123&amp;ssl=1 300w\" sizes=\"auto, (max-width: 642px) 100vw, 642px\" \/><\/figure><div class=\"wp-block-media-text__content\">\n<p class=\"has-medium-font-size\"><strong>Le Monde<\/strong>, 14\/02\/2023, <a href=\"https:\/\/www.lemonde.fr\/culture\/article\/2023\/02\/14\/opera-orphee-et-eurydice-dans-un-au-dela-sublime_6161821_3246.html\" target=\"_blank\" rel=\"noopener\">Op\u00e9ra&nbsp;: \u00ab&nbsp;Orph\u00e9e et Eurydice&nbsp;\u00bb dans un au-del\u00e0 sublim\u00e9<\/a><\/p>\n<\/div><\/div>\n\n\n\n<div class=\"wp-block-media-text is-stacked-on-mobile\" style=\"grid-template-columns:15% auto\"><figure class=\"wp-block-media-text__media\"><img data-recalc-dims=\"1\" loading=\"lazy\" decoding=\"async\" width=\"720\" height=\"82\" src=\"https:\/\/i0.wp.com\/fionamonbet.com\/wp-content\/uploads\/2023\/08\/Capture-decran-2023-08-14-122445.jpg?resize=720%2C82&#038;ssl=1\" alt=\"\" class=\"wp-image-465 size-full\" srcset=\"https:\/\/i0.wp.com\/fionamonbet.com\/wp-content\/uploads\/2023\/08\/Capture-decran-2023-08-14-122445.jpg?resize=1024%2C117&amp;ssl=1 1024w, https:\/\/i0.wp.com\/fionamonbet.com\/wp-content\/uploads\/2023\/08\/Capture-decran-2023-08-14-122445.jpg?resize=300%2C34&amp;ssl=1 300w, https:\/\/i0.wp.com\/fionamonbet.com\/wp-content\/uploads\/2023\/08\/Capture-decran-2023-08-14-122445.jpg?resize=768%2C88&amp;ssl=1 768w, https:\/\/i0.wp.com\/fionamonbet.com\/wp-content\/uploads\/2023\/08\/Capture-decran-2023-08-14-122445.jpg?resize=1536%2C175&amp;ssl=1 1536w, https:\/\/i0.wp.com\/fionamonbet.com\/wp-content\/uploads\/2023\/08\/Capture-decran-2023-08-14-122445.jpg?w=1808&amp;ssl=1 1808w, https:\/\/i0.wp.com\/fionamonbet.com\/wp-content\/uploads\/2023\/08\/Capture-decran-2023-08-14-122445.jpg?w=1440&amp;ssl=1 1440w\" sizes=\"auto, (max-width: 720px) 100vw, 720px\" \/><\/figure><div class=\"wp-block-media-text__content\">\n<p class=\"has-medium-font-size\">Politiken, (Danemark), 06\/02\/2023, <a href=\"https:\/\/politiken.dk\/kultur\/musik\/art9194820\/Der-var-fed-fed-lykke-til-alle-i-Koncerthuset\" target=\"_blank\" rel=\"noopener\">Der var fed, fed lykke til alle i Koncerthuset<\/a> (Tout le monde \u00e9tait tr\u00e8s, tr\u00e8s heureux dans la salle de concert).<\/p>\n<\/div><\/div>\n\n\n\n<div class=\"wp-block-media-text is-stacked-on-mobile\" style=\"grid-template-columns:15% auto\"><figure class=\"wp-block-media-text__media\"><img data-recalc-dims=\"1\" loading=\"lazy\" decoding=\"async\" width=\"400\" height=\"400\" src=\"https:\/\/i0.wp.com\/fionamonbet.com\/wp-content\/uploads\/2023\/08\/400x400_l-invite-du-jour-ok.webp?resize=400%2C400&#038;ssl=1\" alt=\"\" class=\"wp-image-452 size-full\" srcset=\"https:\/\/i0.wp.com\/fionamonbet.com\/wp-content\/uploads\/2023\/08\/400x400_l-invite-du-jour-ok.webp?w=400&amp;ssl=1 400w, https:\/\/i0.wp.com\/fionamonbet.com\/wp-content\/uploads\/2023\/08\/400x400_l-invite-du-jour-ok.webp?resize=300%2C300&amp;ssl=1 300w, https:\/\/i0.wp.com\/fionamonbet.com\/wp-content\/uploads\/2023\/08\/400x400_l-invite-du-jour-ok.webp?resize=150%2C150&amp;ssl=1 150w\" sizes=\"auto, (max-width: 400px) 100vw, 400px\" \/><\/figure><div class=\"wp-block-media-text__content\">\n<p class=\"has-medium-font-size\"><strong>France Musique<\/strong>, <em>L&rsquo;invit\u00e9 du jour<\/em>, 05\/08\/2022, <a href=\"https:\/\/www.radiofrance.fr\/francemusique\/podcasts\/l-invite-du-jour\/fiona-monbet-joue-en-concert-son-album-maelstroem-9209615\" target=\"_blank\" rel=\"noopener\">Fiona Monbet&nbsp;: \u00ab\u00a0Je me suis toujours interdit de choisir entre le classique et le jazz\u00a0\u00bb<\/a> <\/p>\n<\/div><\/div>\n\n\n\n<div class=\"wp-block-media-text is-stacked-on-mobile\" style=\"grid-template-columns:15% auto\"><figure class=\"wp-block-media-text__media\"><img data-recalc-dims=\"1\" loading=\"lazy\" decoding=\"async\" width=\"684\" height=\"236\" src=\"https:\/\/i0.wp.com\/fionamonbet.com\/wp-content\/uploads\/2023\/08\/Capture-decran-2023-08-13-234633.jpg?resize=684%2C236&#038;ssl=1\" alt=\"\" class=\"wp-image-458 size-full\" srcset=\"https:\/\/i0.wp.com\/fionamonbet.com\/wp-content\/uploads\/2023\/08\/Capture-decran-2023-08-13-234633.jpg?w=684&amp;ssl=1 684w, https:\/\/i0.wp.com\/fionamonbet.com\/wp-content\/uploads\/2023\/08\/Capture-decran-2023-08-13-234633.jpg?resize=300%2C104&amp;ssl=1 300w\" sizes=\"auto, (max-width: 684px) 100vw, 684px\" \/><\/figure><div class=\"wp-block-media-text__content\">\n<p class=\"has-medium-font-size\"><strong>ForumOp\u00e9ra.com<\/strong>, 07\/06\/2022, <a href=\"https:\/\/www.forumopera.com\/spectacle\/orphee-et-eurydice-tourcoing-les-miroirs-etendus-a-la-modernite\/\" target=\"_blank\" rel=\"noopener\">Orph\u00e9e et Eurydice &#8211; Tourcoing, Les miroirs (\u00e9)tendus \u00e0 la modernit\u00e9 <\/a><\/p>\n<\/div><\/div>\n\n\n\n<div class=\"wp-block-media-text is-stacked-on-mobile\" style=\"grid-template-columns:15% auto\"><figure class=\"wp-block-media-text__media\"><img data-recalc-dims=\"1\" loading=\"lazy\" decoding=\"async\" width=\"220\" height=\"80\" src=\"https:\/\/i0.wp.com\/fionamonbet.com\/wp-content\/uploads\/2023\/08\/icon-telerama%402x.png?resize=220%2C80&#038;ssl=1\" alt=\"\" class=\"wp-image-453 size-full\"\/><\/figure><div class=\"wp-block-media-text__content\">\n<p class=\"has-medium-font-size\"><strong>T\u00e9l\u00e9rama<\/strong>, 18\/06\/2022, <a href=\"https:\/\/www.telerama.fr\/musique\/fiona-monbet-tout-est-dans-ses-cordes-7010965.php\" target=\"_blank\" rel=\"noopener\">Fiona Monbet, tout est dans ses cordes<\/a><\/p>\n<\/div><\/div>\n\n\n\n<div class=\"wp-block-media-text is-stacked-on-mobile\" style=\"grid-template-columns:15% auto\"><figure class=\"wp-block-media-text__media\"><img data-recalc-dims=\"1\" loading=\"lazy\" decoding=\"async\" width=\"247\" height=\"86\" src=\"https:\/\/i0.wp.com\/fionamonbet.com\/wp-content\/uploads\/2023\/08\/just-right-logo-pb-rb-pref-green-cropped-copy.webp?resize=247%2C86&#038;ssl=1\" alt=\"\" class=\"wp-image-462 size-full\"\/><\/figure><div class=\"wp-block-media-text__content\">\n<p class=\"has-medium-font-size\"><strong>LondonJazzNews<\/strong>, 03\/05\/2022, <a href=\"https:\/\/londonjazznews.com\/2022\/05\/03\/fiona-monbet-iain-ballamy-bbc-national-orchestra-of-wales-in-cardiff\/\" target=\"_blank\" rel=\"noopener\">Fiona Monbet, Iain Ballamy, BBC National Orchestra of Wales in Cardiff<\/a><\/p>\n<\/div><\/div>\n\n\n\n<div class=\"wp-block-media-text is-stacked-on-mobile\" style=\"grid-template-columns:15% auto\"><figure class=\"wp-block-media-text__media\"><img data-recalc-dims=\"1\" loading=\"lazy\" decoding=\"async\" width=\"644\" height=\"250\" src=\"https:\/\/i0.wp.com\/fionamonbet.com\/wp-content\/uploads\/2023\/08\/Capture-decran-2023-08-14-000244.jpg?resize=644%2C250&#038;ssl=1\" alt=\"\" class=\"wp-image-461 size-full\" srcset=\"https:\/\/i0.wp.com\/fionamonbet.com\/wp-content\/uploads\/2023\/08\/Capture-decran-2023-08-14-000244.jpg?w=644&amp;ssl=1 644w, https:\/\/i0.wp.com\/fionamonbet.com\/wp-content\/uploads\/2023\/08\/Capture-decran-2023-08-14-000244.jpg?resize=300%2C116&amp;ssl=1 300w\" sizes=\"auto, (max-width: 644px) 100vw, 644px\" \/><\/figure><div class=\"wp-block-media-text__content\">\n<p class=\"has-medium-font-size\"><strong>The Guardian<\/strong>, 02\/05\/2022, <a href=\"https:\/\/www.theguardian.com\/music\/2022\/may\/02\/bbcnow-colaboratory-monbet-review-experimental-evening-is-great-fun\" target=\"_blank\" rel=\"noopener\">BBCNOW CoLaboratory &#8211; Monbet, experimental evening is great fun<\/a><\/p>\n<\/div><\/div>\n\n\n\n<div class=\"wp-block-media-text is-stacked-on-mobile\" style=\"grid-template-columns:15% auto\"><figure class=\"wp-block-media-text__media\"><img data-recalc-dims=\"1\" loading=\"lazy\" decoding=\"async\" width=\"504\" height=\"234\" src=\"https:\/\/i0.wp.com\/fionamonbet.com\/wp-content\/uploads\/2023\/08\/Capture-decran-2023-08-13-234137.jpg?resize=504%2C234&#038;ssl=1\" alt=\"\" class=\"wp-image-456 size-full\" srcset=\"https:\/\/i0.wp.com\/fionamonbet.com\/wp-content\/uploads\/2023\/08\/Capture-decran-2023-08-13-234137.jpg?w=504&amp;ssl=1 504w, https:\/\/i0.wp.com\/fionamonbet.com\/wp-content\/uploads\/2023\/08\/Capture-decran-2023-08-13-234137.jpg?resize=300%2C139&amp;ssl=1 300w\" sizes=\"auto, (max-width: 504px) 100vw, 504px\" \/><\/figure><div class=\"wp-block-media-text__content\">\n<p class=\"has-medium-font-size\"><strong>Ouest-France<\/strong>, 10\/08\/2021, <a href=\"https:\/\/www.ouest-france.fr\/bretagne\/lorient-56100\/en-images-festival-interceltique-de-lorient-finisterres-celtiques-symphoniques-imaginaires-3972bee6-f86e-11eb-bc54-143726bab064\" target=\"_blank\" rel=\"noopener\">Festival Interceltique de Lorient. Finisterres Celtiques, symphoniques imaginaires<\/a><\/p>\n<\/div><\/div>\n\n\n\n<div class=\"wp-block-media-text is-stacked-on-mobile\" style=\"grid-template-columns:15% auto\"><figure class=\"wp-block-media-text__media\"><img data-recalc-dims=\"1\" loading=\"lazy\" decoding=\"async\" width=\"720\" height=\"171\" src=\"https:\/\/i0.wp.com\/fionamonbet.com\/wp-content\/uploads\/2023\/08\/fronton.png?resize=720%2C171&#038;ssl=1\" alt=\"\" class=\"wp-image-455 size-full\" srcset=\"https:\/\/i0.wp.com\/fionamonbet.com\/wp-content\/uploads\/2023\/08\/fronton.png?w=724&amp;ssl=1 724w, https:\/\/i0.wp.com\/fionamonbet.com\/wp-content\/uploads\/2023\/08\/fronton.png?resize=300%2C71&amp;ssl=1 300w\" sizes=\"auto, (max-width: 720px) 100vw, 720px\" \/><\/figure><div class=\"wp-block-media-text__content\">\n<p class=\"has-medium-font-size\"><strong>CitizenJazz<\/strong>, Chronique, 23\/01\/2022, <a href=\"https:\/\/www.citizenjazz.com\/Fiona-Monbet-3480370.html\" target=\"_blank\" rel=\"noopener\">Fiona Monbet<\/a>.<\/p>\n<\/div><\/div>\n\n\n\n<div class=\"wp-block-media-text is-stacked-on-mobile\" style=\"grid-template-columns:15% auto\"><figure class=\"wp-block-media-text__media\"><img data-recalc-dims=\"1\" loading=\"lazy\" decoding=\"async\" width=\"516\" height=\"114\" src=\"https:\/\/i0.wp.com\/fionamonbet.com\/wp-content\/uploads\/2023\/08\/Capture-decran-2023-08-14-000953.jpg?resize=516%2C114&#038;ssl=1\" alt=\"\" class=\"wp-image-463 size-full\" srcset=\"https:\/\/i0.wp.com\/fionamonbet.com\/wp-content\/uploads\/2023\/08\/Capture-decran-2023-08-14-000953.jpg?w=516&amp;ssl=1 516w, https:\/\/i0.wp.com\/fionamonbet.com\/wp-content\/uploads\/2023\/08\/Capture-decran-2023-08-14-000953.jpg?resize=300%2C66&amp;ssl=1 300w\" sizes=\"auto, (max-width: 516px) 100vw, 516px\" \/><\/figure><div class=\"wp-block-media-text__content\">\n<p class=\"has-medium-font-size\">The Irish Times, 16\/11\/2021, <a href=\"https:\/\/www.irishtimes.com\/culture\/music\/elsewhere-agitprop-opera-combines-the-serious-and-the-comic-1.4730265\" target=\"_blank\" rel=\"noopener\">Elsewhere: Agitprop opera combines the serious and the comic<\/a><\/p>\n<\/div><\/div>\n\n\n\n<div class=\"wp-block-media-text is-stacked-on-mobile\" style=\"grid-template-columns:15% auto\"><figure class=\"wp-block-media-text__media\"><img data-recalc-dims=\"1\" loading=\"lazy\" decoding=\"async\" width=\"400\" height=\"400\" src=\"https:\/\/i0.wp.com\/fionamonbet.com\/wp-content\/uploads\/2023\/08\/400x400_l-invite-du-jour-ok.webp?resize=400%2C400&#038;ssl=1\" alt=\"\" class=\"wp-image-452 size-full\" srcset=\"https:\/\/i0.wp.com\/fionamonbet.com\/wp-content\/uploads\/2023\/08\/400x400_l-invite-du-jour-ok.webp?w=400&amp;ssl=1 400w, https:\/\/i0.wp.com\/fionamonbet.com\/wp-content\/uploads\/2023\/08\/400x400_l-invite-du-jour-ok.webp?resize=300%2C300&amp;ssl=1 300w, https:\/\/i0.wp.com\/fionamonbet.com\/wp-content\/uploads\/2023\/08\/400x400_l-invite-du-jour-ok.webp?resize=150%2C150&amp;ssl=1 150w\" sizes=\"auto, (max-width: 400px) 100vw, 400px\" \/><\/figure><div class=\"wp-block-media-text__content\">\n<p class=\"has-medium-font-size\"><strong>France Musique<\/strong>, <em>L&rsquo;invit\u00e9 du jour<\/em>, 27\/09\/2021, <a href=\"https:\/\/www.radiofrance.fr\/francemusique\/podcasts\/l-invite-du-jour\/maelstroem-le-nouvel-album-de-la-cheffe-et-violoniste-fiona-monbet-4732969\" target=\"_blank\" rel=\"noopener\">Maelstr\u00f6m, le nouvel album de la cheffe et violoniste Fiona Monbet<\/a> <br><\/p>\n<\/div><\/div>\n","protected":false},"excerpt":{"rendered":"<p>Seen and Heard International, New concerto for jazz quartet and orchestra a triumph in Cardiff, 20\/10\/2023 Forum Op\u00e9ra, 03\/09\/2023, BERLIOZ \/ BAX , L\u00e9gendes d\u2019Irlande \u2013 La C\u00f4te Saint-Andr\u00e9. France Musique, 25\/08\/2023, L&rsquo;invit\u00e9 du jour, Fiona Monbet, cheffe aux multiples fa\u00e7ettes Le Dauphin\u00e9 Lib\u00e9r\u00e9, 30\/08\/2023, Festival Berlioz : la ballade irlandaise de Fiona Monbet. La [&hellip;]<\/p>\n","protected":false},"author":2,"featured_media":0,"parent":0,"menu_order":0,"comment_status":"closed","ping_status":"closed","template":"","meta":{"footnotes":""},"class_list":["post-450","page","type-page","status-publish","hentry"],"jetpack_sharing_enabled":true,"_links":{"self":[{"href":"https:\/\/fionamonbet.com\/index.php?rest_route=\/wp\/v2\/pages\/450","targetHints":{"allow":["GET"]}}],"collection":[{"href":"https:\/\/fionamonbet.com\/index.php?rest_route=\/wp\/v2\/pages"}],"about":[{"href":"https:\/\/fionamonbet.com\/index.php?rest_route=\/wp\/v2\/types\/page"}],"author":[{"embeddable":true,"href":"https:\/\/fionamonbet.com\/index.php?rest_route=\/wp\/v2\/users\/2"}],"replies":[{"embeddable":true,"href":"https:\/\/fionamonbet.com\/index.php?rest_route=%2Fwp%2Fv2%2Fcomments&post=450"}],"version-history":[{"count":6,"href":"https:\/\/fionamonbet.com\/index.php?rest_route=\/wp\/v2\/pages\/450\/revisions"}],"predecessor-version":[{"id":501,"href":"https:\/\/fionamonbet.com\/index.php?rest_route=\/wp\/v2\/pages\/450\/revisions\/501"}],"wp:attachment":[{"href":"https:\/\/fionamonbet.com\/index.php?rest_route=%2Fwp%2Fv2%2Fmedia&parent=450"}],"curies":[{"name":"wp","href":"https:\/\/api.w.org\/{rel}","templated":true}]}}